 24*u + 64. Let x be q(-28). Calculate the greatest common divisor of 22 and x.
22
Let o be (17/1)/((1 - 1) + 1). Calculate the greatest common divisor of 119 and o.
17
Let t = 1155 - 1143. Let m = 2 - 2. Suppose m = -4*y + 29 + 67. What is the highest common factor of y and t?
12
Suppose -3*o = 2*o - 20. Suppose 2*k + 82*r - 85*r - 39 = 0, -2*k - r = -19. Calculate the greatest common divisor of o and k.
4
Let a(y) = -439*y - 3. Let m be a(-1). Let u = m + -231. Calculate the highest common divisor of 82 and u.
41
Let v be 4 - (222*-1 + 6). Calculate the greatest common divisor of 33 and v.
11
Suppose -3*a = 5*q - 0*q - 10, 0 = -2*q - 2*a. Suppose 4*g - 2*m = q + 51, -2*m = 3*g - 28. Calculate the greatest common divisor of 4 and g.
4
Suppose -189 - 161 = -2*z. Calculate the highest common factor of 245 and z.
35
Let b be 8/3*3402/(-28). Let r be 11/(-3)*b/6. Suppose -r + 36 = -3*y. Calculate the highest common divisor of y and 36.
18
Let i(b) = -5*b. Let u be i(6). Let z be u/(-2) - (2 + (-1 - 3)). Calculate the greatest common factor of 119 and z.
17
Let z(t) = 32*t - 11. Let d be z(1). Suppose 0 = -i + 105 + 42. What is the greatest common factor of d and i?
21
Let l be -2 - (-2296)/20 - (-1)/5. Let g = 125 - l. What is the highest common factor of g and 24?
12
Let s(j) = -j**3 + 17*j**2 - 16*j + 10. Suppose -11*c - c + 192 = 0. Let w be s(c). Calculate the highest common divisor of 40 and w.
10
Let i be 1357/92*(-12)/(-3). Calculate the greatest common divisor of 236 and i.
59
Let c = -272 + 506. Let x(t) = 3*t**3 - 135*t**2 - t + 71. Let n be x(45). Calculate the highest common factor of n and c.
26
Let f(j) = 2*j**2 + 4*j + 28. Let z be f(0). What is the greatest common factor of 140 and z?
28
Let k(m) = -m + 499*m**2 + 2 - 454*m**2 - 4. Let o be k(-1). Suppose -2*f + o = 16. Calculate the greatest common factor of 56 and f.
14
Suppose 0 = 6*h - 4*h. Suppose -4*s + 5*s - 9 = h. Let d be (1 + (-2)/4)*12. What is the highest common factor of s and d?
3
Let n be 422/7 - (-4)/(-14). Let q(y) = 11*y**2 - 172*y - 58. Let m be q(16). Calculate the greatest common divisor of m and n.
6
Let x(q) = -18*q. Suppose -5*k = -3*d - 31, k - 11 = d - 2*d. Let l be (-6)/k + (-15)/12. Let y be x(l). Calculate the highest common divisor of y and 4.
4
Let s = 18 + -29. Let q = s - -14. Suppose q*o = 18 + 9. Calculate the greatest common divisor of 9 and o.
9
Suppose 36 - 450 = -3*f. Suppose 0*z - 94 = -4*s - 5*z, 5*s - f = 4*z. Let a = 6 - -7. Calculate the highest common divisor of a and s.
13
Suppose 4*u + 3*o - 9 = 114, 87 = 3*u + 4*o. Let l = u - 18. Calculate the greatest common divisor of l and 20.
5
Suppose 5*x + i - 12 = 0, 0 = 2*x - 5*x + 3*i. Suppose x*a + 12 = -t, a = -5*t - 13 - 2. Let n = t - -24. Calculate the greatest common factor of 22 and n.
22
Suppose -369*a = -327*a - 1512. Suppose 0 = c + 45 - 189. Calculate the greatest common factor of c and a.
36
Let k = -20 - -22. Suppose 0*o - 90 = -k*o. Let f = 18 + o. Calculate the highest common factor of 42 and f.
21
Suppose -33*j - 6630 = -203*j. What is the greatest common factor of j and 806?
13
Suppose 12*t - 556 = 9*t - 5*v, -4*t + 718 = -5*v. What is the highest common factor of t and 26?
26
Suppose 113*c + 134*c = 15808. Suppose 2*r - r = 2*h + 10, 2*h = 4*r - 58. What is the highest common divisor of r and c?
16
Let x be 0 + (-110)/33*81/(-15). What is the highest common divisor of 8 and x?
2
Let b be (-7)/((-28)/32) + -2. Suppose 129 = b*n - 411. Suppose 5*i + 32 - 2 = 2*m, 5*m - 2*i = 54. What is the greatest common divisor of m and n?
10
Let i = 156 + -164. Let z(d) = 13*d**2 - 6*d**2 - 10 - 4*d - 7*d + d**3. Let a be z(i). What is the greatest common factor of a and 2?
2
Suppose d - 2*b - 38 = 0, d - b - 14 = -5*b. Let c = -20 - -13. Let m = 12 + c. Calculate the greatest common divisor of d and m.
5
Let v be 20 + (2 - 0 - 5). Suppose -16*l - 5 = -v*l. Suppose -10 = -4*x + 3*n + 290, -l*x = n - 356. What is the highest common factor of 9 and x?
9
Let q = 35 - 8. Let i = -11 + q. What is the highest common divisor of i and 4?
4
Let n(q) = 25*q**2 - 6*q - 12. Let o be n(-4). Let z = -115 + o. What is the highest common divisor of 27 and z?
27
Suppose 8*m = -4*s + 7*m + 38, -2*s = 3*m - 24. Suppose -b + 5*r + 102 - 24 = 0, -2*b = -5*r - 141. Calculate the highest common divisor of s and b.
9
Suppose -4*i - 5*c + 40 = -16, 4*i = -4*c + 52. What is the greatest common factor of 873 and i?
9
Let p(s) = -s**2 - 5*s - 3. Let y be p(-2). Suppose -5*g - v + 149 = 3*v, 0 = -y*g + 3*v + 111. What is the highest common factor of 11 and g?
11
Let s = -324 + -174. Let b = s + 768. Calculate the greatest common divisor of 30 and b.
30
Let f = 7 + 5. Let h be 0 + -1 - (0 - f). Suppose -2*i - 3*q = -37, -35*q = 3*i - 32*q - 48. What is the highest common factor of i and h?
11
Suppose 4*p - 34 = -2*i - 14, -i = -3*p - 20. Calculate the greatest common divisor of i and 28.
14
Let x be (2 - 20 - 5)*2. Let y = x - -235. What is the greatest common divisor of y and 21?
21
Suppose 31*y - 18*y = 286. What is the highest common factor of 154 and y?
22
Suppose -5*z = -o - 1039, -2*z + 2*o = 213 - 635. Let r(c) = 2*c**2 + 7*c + 12. Let h be r(-3). Calculate the highest common divisor of h and z.
9
Let f(w) = 2*w**3 - 11*w**2 + 9*w + 2. Let j be f(5). Calculate the greatest common factor of j and 242.
22
Suppose 13 = 2*r + k, -5*r - 4*k + 22 = -5*k. Let m = -24 + 39. Let a be (m*11)/(-3)*-1. What is the highest common factor of r and a?
5
Suppose -4 = l, 9*l = 4*u + 4*l - 476. Calculate the greatest common factor of 76 and u.
38
Suppose 37*m + 3193 = 5*u + 40*m, -3195 = -5*u - 5*m. What is the highest common divisor of 58 and u?
58
Let n be (-4 + -3)*(-2)/7. Suppose 2*v + n*o - 78 = 0, -v - v + 2*o + 82 = 0. What is the highest common factor of 5 and v?
5
Let y(r) = 4*r**2 - 19*r + 14. Let b be y(5). Suppose u - 38 = -5*t - 4, 9 = 3*t. Calculate the greatest common divisor of u and b.
19
Let s(d) = -d**3 - 15*d**2 + 22*d - 2. Let z be s(-18). What is the highest common divisor of 7 and z?
7
Suppose -6*x = 14*x - 40. Let n be x*55/4*8/5. Let a = 158 + -92. What is the greatest common divisor of n and a?
22
Let h be -2*(-16)/(8/4). Let m = h + -16. Suppose m = -2*l + 66 + 158. What is the greatest common divisor of 14 and l?
14
Suppose 0 = -3*m - 5*t + 7 + 35, 3*t + 14 = m. Calculate the greatest common factor of 2 and m.
2
Suppose -s + 210 = 2*s. Let p(u) = u - 5. Let x be p(7). Suppose 5*r - x*w = r + 112, -r + 4*w = -28. What is the highest common divisor of s and r?
14
Let b(i) = 4*i. Let a be b(1). Suppose -a*q = -5*m - 1, 0 = -2*q - 2*m + 6*m - 4. Suppose 174 = 5*n - 6. Calculate the greatest common divisor of n and q.
4
Suppose 2*n + n + h = 269, 5*n = -h + 449. Calculate the greatest common divisor of 20 and n.
10
Suppose 0*s + 3*s - b = 11, 0 = -4*s - 5*b + 21. Let o be (29 - 5) + s + -2. Let g be 26/(-9)*-15*3. What is the greatest common factor of o and g?
26
Let b(f) = 7*f - 171. Let o be b(22). Let v be 25 - -2 - (-2)/(-1). Let x = o + v. Calculate the greatest common divisor of 1 and x.
1
Let b be 12*1*(-20)/(-16). Let o(f) be the first derivative of -11*f**2/2 + 9*f - 6. Let w be o(-6). Calculate the greatest common divisor of w and b.
15
Let i be ((-20)/6)/(8/(-84)). Let m(o) = -o**3 + 27*o**2 - 90*o - 11. Let a be m(23). Calculate the highest common factor of a and i.
35
Suppose 4*c = -3*c + 154. Suppose 112 = 3*a + 13. What is the highest common factor of a and c?
11
Let r be 4*-1*1/2. Let u = r + 6. Let d = u - -9. What is the highest common divisor of d and 65?
13
Let u = 29 + -25. Let g be (-3364)/(-10) - 4/10. Suppose c = u*c - g. Calculate the greatest common divisor of c and 14.
14
Let t(r) = 2*r. Let s be t(1). Suppose 4*k + 48 = x, -x + 5*k = -s*x + 75. What is the highest common divisor of 12 and x?
12
Let w be -1 + -1 - 255/(-15). Let y = 327 + -190. Suppose 4*c - y = -17. What is the highest common factor of w and c?
15
Let p = -333 + 746. What is the highest common divisor of 21 and p?
7
Let w(f) = -f**2 - 5*f + 16. Let s be w(-7). Suppose 4 + 0 = s*p, -2*v + 90 = 4*p. What is the greatest common factor of v and 328?
41
Suppose -z + 923 = 4*b, 4*z - 2*z - 922 = -4*b. What is the